{"id":37,"date":"2021-12-18T23:03:38","date_gmt":"2021-12-18T23:03:38","guid":{"rendered":"http:\/\/www.belmontemotorsport.com\/?page_id=37"},"modified":"2026-02-22T19:00:23","modified_gmt":"2026-02-22T19:00:23","slug":"corre-con-nosotros","status":"publish","type":"page","link":"http:\/\/www.belmontemotorsport.com\/index.php\/corre-con-nosotros\/","title":{"rendered":"Corre con nosotros"},"content":{"rendered":"\t\t<div data-elementor-type=\"wp-page\" data-elementor-id=\"37\" class=\"elementor elementor-37\" data-elementor-settings=\"[]\">\n\t\t\t\t\t\t\t<div class=\"elementor-section-wrap\">\n\t\t\t\t\t\t\t<section class=\"elementor-section elementor-top-section elementor-element elementor-element-f6764cb elementor-section-boxed elementor-section-height-default elementor-section-height-default\" data-id=\"f6764cb\" data-element_type=\"section\">\n\t\t\t\t\t\t<div class=\"elementor-container elementor-column-gap-default\">\n\t\t\t\t\t<div class=\"elementor-column elementor-col-50 elementor-top-column elementor-element elementor-element-3043428\" data-id=\"3043428\" data-element_type=\"column\">\n\t\t\t<div class=\"elementor-widget-wrap elementor-element-populated\">\n\t\t\t\t\t\t\t\t<div class=\"elementor-element elementor-element-8f35a65 elementor-widget elementor-widget-heading\" data-id=\"8f35a65\" data-element_type=\"widget\" data-widget_type=\"heading.default\">\n\t\t\t\t<div class=\"elementor-widget-container\">\n\t\t\t<style>\/*! elementor - v3.5.0 - 12-12-2021 *\/\n.elementor-heading-title{padding:0;margin:0;line-height:1}.elementor-widget-heading .elementor-heading-title[class*=elementor-size-]>a{color:inherit;font-size:inherit;line-height:inherit}.elementor-widget-heading .elementor-heading-title.elementor-size-small{font-size:15px}.elementor-widget-heading .elementor-heading-title.elementor-size-medium{font-size:19px}.elementor-widget-heading .elementor-heading-title.elementor-size-large{font-size:29px}.elementor-widget-heading .elementor-heading-title.elementor-size-xl{font-size:39px}.elementor-widget-heading .elementor-heading-title.elementor-size-xxl{font-size:59px}<\/style><h2 class=\"elementor-heading-title elementor-size-default\">Vive la experiencia de pilotar un Kart KZ con nosotros:<\/h2>\t\t<\/div>\n\t\t\t\t<\/div>\n\t\t\t\t<div class=\"elementor-element elementor-element-fcd4e40 elementor-widget elementor-widget-text-editor\" data-id=\"fcd4e40\" data-element_type=\"widget\" data-widget_type=\"text-editor.default\">\n\t\t\t\t<div class=\"elementor-widget-container\">\n\t\t\t<style>\/*! elementor - v3.5.0 - 12-12-2021 *\/\n.elementor-widget-text-editor.elementor-drop-cap-view-stacked .elementor-drop-cap{background-color:#818a91;color:#fff}.elementor-widget-text-editor.elementor-drop-cap-view-framed .elementor-drop-cap{color:#818a91;border:3px solid;background-color:transparent}.elementor-widget-text-editor:not(.elementor-drop-cap-view-default) .elementor-drop-cap{margin-top:8px}.elementor-widget-text-editor:not(.elementor-drop-cap-view-default) .elementor-drop-cap-letter{width:1em;height:1em}.elementor-widget-text-editor .elementor-drop-cap{float:left;text-align:center;line-height:1;font-size:50px}.elementor-widget-text-editor .elementor-drop-cap-letter{display:inline-block}<\/style>\t\t\t\t<p>En Belmontemotorsport ponemos a vuestra disposici\u00f3n nuestros Karts Kz ( Karts de marchas ), para que podais vivir la experiencia de pilotar un kart de la m\u00e1xima categor\u00eda dentro del mundo del karting.<\/p>\n<p>Estos karts son unas aut\u00e9nticas bestias del automovilismo, con un motor de 125cc&nbsp; entregando cerca de 50cv de potencia, combinado con un peso de 175kg, los hace unas m\u00e1quinas muy r\u00e1pidas en rectas pudiendo llegar a alcanzar los 140km\/h 160km\/h, y muy \u00e1giles en curvas gracias al grip que ofrecen. Muchos pilotos profesionales lo llegan a comparar con lo m\u00e1s parecido a un F1.<\/p>\n<p>Y t\u00fa? te atreves a vivir esta experiencia con nosotros?<\/p>\t\t\t\t\t\t<\/div>\n\t\t\t\t<\/div>\n\t\t\t\t\t<\/div>\n\t\t<\/div>\n\t\t\t\t<div class=\"elementor-column elementor-col-50 elementor-top-column elementor-element elementor-element-f79cef8\" data-id=\"f79cef8\" data-element_type=\"column\">\n\t\t\t<div class=\"elementor-widget-wrap elementor-element-populated\">\n\t\t\t\t\t\t\t\t<div class=\"elementor-element elementor-element-cf9a8f2 elementor-widget elementor-widget-image\" data-id=\"cf9a8f2\" data-element_type=\"widget\" data-widget_type=\"image.default\">\n\t\t\t\t<div class=\"elementor-widget-container\">\n\t\t\t<style>\/*! elementor - v3.5.0 - 12-12-2021 *\/\n.elementor-widget-image{text-align:center}.elementor-widget-image a{display:inline-block}.elementor-widget-image a img[src$=\".svg\"]{width:48px}.elementor-widget-image img{vertical-align:middle;display:inline-block}<\/style>\t\t\t\t\t\t\t\t\t\t\t\t<img loading=\"lazy\" decoding=\"async\" width=\"600\" height=\"822\" src=\"http:\/\/www.belmontemotorsport.com\/wp-content\/uploads\/2026\/02\/f7122330-b3c9-413e-b320-413654b3d6c2-600x822.jpg\" class=\"attachment-woocommerce_single size-woocommerce_single\" alt=\"\" srcset=\"http:\/\/www.belmontemotorsport.com\/wp-content\/uploads\/2026\/02\/f7122330-b3c9-413e-b320-413654b3d6c2-600x822.jpg 600w, http:\/\/www.belmontemotorsport.com\/wp-content\/uploads\/2026\/02\/f7122330-b3c9-413e-b320-413654b3d6c2-219x300.jpg 219w, http:\/\/www.belmontemotorsport.com\/wp-content\/uploads\/2026\/02\/f7122330-b3c9-413e-b320-413654b3d6c2-747x1024.jpg 747w, http:\/\/www.belmontemotorsport.com\/wp-content\/uploads\/2026\/02\/f7122330-b3c9-413e-b320-413654b3d6c2-768x1052.jpg 768w, http:\/\/www.belmontemotorsport.com\/wp-content\/uploads\/2026\/02\/f7122330-b3c9-413e-b320-413654b3d6c2.jpg 864w\" sizes=\"auto, (max-width: 600px) 100vw, 600px\" \/>\t\t\t\t\t\t\t\t\t\t\t\t\t\t\t<\/div>\n\t\t\t\t<\/div>\n\t\t\t\t\t<\/div>\n\t\t<\/div>\n\t\t\t\t\t\t\t<\/div>\n\t\t<\/section>\n\t\t\t\t\t\t<\/div>\n\t\t\t\t\t<\/div>\n\t\t","protected":false},"excerpt":{"rendered":"<p>Vive la experiencia de pilotar un Kart KZ con nosotros: En Belmontemotorsport ponemos a vuestra disposici\u00f3n nuestros Karts Kz ( Karts de marchas ), para que podais vivir la experiencia de pilotar un kart de la m\u00e1xima categor\u00eda dentro del mundo del karting. Estos karts son unas aut\u00e9nticas bestias del automovilismo, con un motor de 125cc&nbsp; entregando cerca de 50cv de potencia, combinado con un peso de 175kg, los hace unas m\u00e1quinas muy r\u00e1pidas en rectas pudiendo llegar a alcanzar los 140km\/h 160km\/h, y muy \u00e1giles en curvas gracias al&hellip;<\/p>\n","protected":false},"author":1,"featured_media":0,"parent":0,"menu_order":0,"comment_status":"closed","ping_status":"closed","template":"","meta":{"footnotes":""},"class_list":["post-37","page","type-page","status-publish","hentry"],"_links":{"self":[{"href":"http:\/\/www.belmontemotorsport.com\/index.php\/wp-json\/wp\/v2\/pages\/37","targetHints":{"allow":["GET"]}}],"collection":[{"href":"http:\/\/www.belmontemotorsport.com\/index.php\/wp-json\/wp\/v2\/pages"}],"about":[{"href":"http:\/\/www.belmontemotorsport.com\/index.php\/wp-json\/wp\/v2\/types\/page"}],"author":[{"embeddable":true,"href":"http:\/\/www.belmontemotorsport.com\/index.php\/wp-json\/wp\/v2\/users\/1"}],"replies":[{"embeddable":true,"href":"http:\/\/www.belmontemotorsport.com\/index.php\/wp-json\/wp\/v2\/comments?post=37"}],"version-history":[{"count":5,"href":"http:\/\/www.belmontemotorsport.com\/index.php\/wp-json\/wp\/v2\/pages\/37\/revisions"}],"predecessor-version":[{"id":659,"href":"http:\/\/www.belmontemotorsport.com\/index.php\/wp-json\/wp\/v2\/pages\/37\/revisions\/659"}],"wp:attachment":[{"href":"http:\/\/www.belmontemotorsport.com\/index.php\/wp-json\/wp\/v2\/media?parent=37"}],"curies":[{"name":"wp","href":"https:\/\/api.w.org\/{rel}","templated":true}]}}